 - (9 + 10 - 18).
-3
-9 + -22 + (-7 - -31)
-7
What is -30 - -3 - (1 + 2 + 13 - 11)?
-32
What is (-37 - -14 - -16) + -33 + 13?
-27
(-26 - (-4 + -14)) + 6
-2
Calculate (0 - (8 + -25) - 9) + (-1 - -4).
11
(2 - -1) + 112 + -106
9
28 + -54 - (-68 - -11)
31
What is 20 - (9 - 10 - -13)?
8
What is the value of -3 + (-3 - -2) + -63 + 49?
-18
Evaluate 0 - (-6 + -1) - ((10 - -24) + -27).
0
What is (2 + -25 - (-95 + 79)) + -3 + -2?
-12
What is 12 - (-27 - (-39 + 23))?
23
Evaluate (0 - -22) + 6 + (21 - 28).
21
What is the value of 4 - ((3 + -8 - 2) + (21 - 21))?
11
What is the value of (-15 - (0 + 3)) + 15 + (-16 - -11)?
-8
Calculate 47 + -88 - (-5 - (12 - -2)).
-22
Evaluate -1 + 6 - (8 + 3 + -3).
-3
-4 - ((11 - 23) + 11)
-3
Calculate 6 + -1 + (-30 + -3 + -14 - -19).
-23
What is the value of 10 - 22 - -8 - (-1 + 0 - -2)?
-5
Evaluate 11 - -6 - (-1 - -14).
4
What is the value of (4 - -2 - 3) + 13 + 2?
18
What is 11 - (15 + -27 + 16)?
7
What is the value of 35 + (33 - 2 - 35)?
31
Calculate 10 + -10 + -16 + 3.
-13
What is the value of -3 + -1 + 0 + -1 + -143 + 141?
-7
Evaluate (-6 + 8 - -13) + -9.
6
What is the value of (-58 - -71) + (2 - (8 + 0))?
7
20 - (-34 - (15 + -43))
26
6 + (15 - (-1 + 1) - (-7 - -11))
17
What is 3 + 12 - (18 + 4)?
-7
What is -161 - -173 - (1 - (3 - -11) - -4)?
21
What is the value of -10 - (24 - 22) - (9 + -1)?
-20
What is the value of -2 + 4 + (-1 - -6 - 6) + 2?
3
What is -7 - 0 - (30 + (-22 - -34) + -38)?
-11
What is 10 - 0 - ((-7 - -16) + -8 - 1)?
10
-14 + -1 + 2 + 1 + -3 + 4
-11
-49 + 50 - (25 - 8)
-16
5 - (3 + (11 - (1 + 9)))
1
-1 - -4 - (1 + (7 - 27) - -6)
16
Calculate -98 + 117 - (20 + 2).
-3
What is 1 - -43 - (62 - (65 - 19))?
28
22 + 1 - (-9 - (-1 + -16 + 14))
29
(-16 - (-25 + 4)) + -20
-15
Evaluate 54 + -49 + -28 + (2 - 1).
-22
Evaluate (5 - (2 - 4)) + (-7 - (4 + 5)).
-9
What is the value of 2 - -3 - (-7 - (-2 + -4 + 10))?
16
Calculate 15 + -6 + -1 + -1 + 11.
18
-17 + 39 + -39 + 3 + 0
-14
What is (27 - 3) + -13 + (-10 - -11)?
12
Evaluate 252 - 247 - (12 + 4 + 2).
-13
Evaluate 19 + 30 + -46 + -19.
-16
Calculate 0 + 19 + -9 + (17 - 5 - 8).
14
Evaluate (13 - -6 - 2) + (-11 - -1).
7
1 - 7 - (7 + -7 - -3) - -5
-4
Evaluate -23 + (-19 + 30 - -5).
-7
-7 + (16 + 10 - -3) - (7 + -1)
16
Calculate (-1 - (-3 + 11)) + -35 + 69.
25
Calculate -90 + 72 - (-22 + -4).
8
Calculate 0 + 21 - (125 - 91).
-13
Calculate -52 + -10 + -13 + 31 + 10.
-34
What is (-11 - -1) + (-16 - -12 - (8 - 5))?
-17
Calculate 0 + -8 - (-14 + 2 - (40 + -44)).
0
Evaluate 38 + -38 - (8 - -3).
-11
-9 - (-37 - (5 + -21))
12
Calculate -317 + 361 - (0 - -27).
17
What is the value of (5 - (21 + -17)) + -8?
-7
Calculate -25 + 10 + 4 - 38 - -12.
-37
Calculate 5 - (6 + -11 - (-2 + 2 + -5)).
5
Calculate (1 - -23) + -10 - 12.
2
-3 + 5 + -8 + -27 + 38
5
Calculate 2 - 22 - -15 - (1 + (-7 - -2)).
-1
Evaluate 8 - ((-51 - -53) + 1 + 3).
2
Evaluate 1 - (-8 + -2) - (-5 - -15).
1
What is -18 + -2 - (-323 - -305)?
-2
What is the value of (-4 - -36) + (0 - 7) + 0?
25
What is 0 + -2 + -5 - (-1 + 5)?
-11
(-27 - -18 - 8 - -4) + 48
35
-21 - (-46 + 21) - (-1 + 0 - -6)
-1
What is the value of -1 + -29 + (0 - -14)?
-16
Evaluate -5 - (-9 + (-10 - -8 - -7 - 2)).
1
Calculate (-25 - -4) + (73 - 61).
-9
(32 - 29 - (-1 - -2 - -8)) + 14
8
(111 - (50 + 52)) + (0 - -1) + 4
14
-20 + (27 - (-30 + 57))
-20
What is (3 - 1) + -5 - (8 + (-1 - 14))?
4
Calculate (25 - 18 - 24) + (1 - -8) + -6.
-14
Evaluate 3 + (0 - (1 + 9)).
-7
Calculate -3 + 42 - (27 + 16).
-4
-7 + -7 + 13 - 6
-7
Calculate 6 - (12 + -4 + 2 - 7).
3
Evaluate (-13 - (-4 - 0) - -5 - -2) + -4.
-6
What is -1 - (-6 - (-2 - -6 - (3 + 1)))?
5
What is the value of 2 + (5 - 10) + -7?
-10
Evaluate (-9 - (-12 - (-10 - 8))) + 4.
-11
What is -30 + 39 + -10 + 28 + -7?
20
Calculate (15 - 17 - -16) + -15.
-1
Evaluate -1 - (-15 - (-33 + 32 - (1 + 1))).
11
Calculate -16 + (40 - -6) + -8.
22
Calculate 0 + -15 - (0 + -6 + 7) - -3.
-13
What is (-3 - 2) + (23 - 27)?
-9
What is -4 + 10 + (-30 + -6 - -10)?
-20
Calculate 316 + -304 - (-13 + 3).
22
Evaluate -13 + -10 + (9 - (-1 - -3)).
-16
Calculate (-12 - -1) + ((11 - -2) + 1 - 12).
-9
Calculate (0 - -5) + 5 + -24 + (9 - 24).
-29
Evaluate 34 - -5 - 12 - 20.
7
Evaluate -9 - -36 - ((16 - 10) + 12).
9
Evaluate (-20 - (-9 + 0)) + (16 - 3).
2
-2 + (5 - -1) + (6 - 0) + 4
14
Evaluate 7 - (0 - (-4 + -9)).
-6
Calculate 4 + (-14 - -5 - 5).
-10
What is 13 + (-11 + 19 - 36)?
-15
207 + -195 - (4 + -30)
38
Evaluate -18 - (35 - (-5 + 52)).
-6
What is -4 + -2 + 1 + 23 + -15 + 5?
8
What is 7 + -7 - (37 - 38)?
1
What is 0 + (21 - 4) + -20?
-3
-1 + (7 - (28 - -1) - -2) + 5
-16
Calculate 6 - (0 - 16 - (13 + -17)).
18
What is the value of -3 + (-10 - -2 - (39 + -48))?
-2
What is -10 + (28 + -4 - 7) - 20?
-13
Evaluate 13 - (5 - 6) - (22 - 13).
5
Calculate 0 + (1 - 0) - (20 + -31 + 14).
-2
18 + (-18 - (-39 + 23))
16
What is 2 + -2 + 0 + 5 + 0 + -1?
4
-3 + 1 + 55 + -17 + -23
13
What is -5 - ((17 - 19) + (2 - -6) - -5)?
-16
What is the value of -37 + (84 - 40) + (1 - -16)?
24
Evaluate (-2 - 1 - (13 - 21)) + -3 + 8.
10
What is the value of 0 + 4 + (-5 + 5 - -1)?
5
Evaluate -1 + -30 + 2 - (-5 + 1 + -3).
-22
What is the value of 47 + -19 - 13 - (2 + 2)?
11
Calculate -9 + (-10 - (2 + -10)) + 4 + 22.
15
What is 14 - (-20 + 13 + 42)?
-21
Calculate 28 + -9 + -1 + (5 - 19).
4
-2 + 5 + (4 + 10 - 6 - 10)
1
Evaluate -2 - 35 - (-85 + 12).
36
What is -1 - (-17 - (3 + -7))?
12
What is the value of -1 + 1 + (53 - 67)?
-14
Evaluate (2 - 1) + 0 - (-23 - -31 - 3).
-4
What is the value of 2 - ((-4 - -9) + -3 + (-1 - 1))?
2
What is -30 - (31 + -26 + -56)?
21
Evaluate -9 + (8 - -3) + -7.
-5
Calculate 28 + -2 + 122 + -139.
9
What is the value of (9 - -1) + (31 - 13 - 15)?
13
What is 23 - (42 - (-26 - -44))?
-1
What is 1 - 9 - ((-59 - 3) + 62)?
-8
4 - (-6 - -6) - (17 - -4 - 1)
-16
What is the value of -8 + 2 - (23 + -29 + 11)?
-11
What is 0 + 36 - (2411 + -2381)?
6
Calculate -19 + 23 + (-11 - 0) + (-9 - 1).
-17
-13 + (34 - 17) + -17
-13
-42 + 45 - ((1 - 3) + 6)
-1
Calculate (291 - 291 - ((-3 - -2) + -5)) + -1.
5
What is -9 - 13 - (-67 - -35)?
10
What is the value of 0 - (-4 - -41 - 4) - (-4 - 2)?
-27
What is the value of 0 - (-14 + (-1 - -7) + -1 + 3)?
6
1 + -8 + -4 + 15
4
Evaluate 1 - (-18 - (-5 - 3 - -2)).
13
Evaluate -17 + 38 + -24 + 11.
8
What is the value of -17 + -2 - (-87 - -37)?
31
What is -11 + (-24 - -39) + 9?
13
What is 0 - (3 + -12 + -1)?
10
Calculate 1 - -24 - (-24 - -55).
-6
Evaluate 25 + 21 + -39 - (-1 - -1 - -7).
0
What is 58 + -40 + (5 - 13)?
10
Calculate -35 + (14 - -3) - -27.
9
24 + -14 + 16 - -12
38
What is (6 - 1 - 2 - 20) + -5 + 8?
-14
9 + -1 + -17 - (-26 - -39)
-22
What is (-10 - -15 - -19) + -43?
-19
Evaluate (-2 + -2 + 6 - 4) + -122 + 119.
-5
Evaluate -13 - (-44 + 24) - 17.
-10
(-1 - 2) + 1 + 5 - 1 - -6
8
Evaluate 5 + (4 - -5 - (7 + 3)).
4
What is the value of (14 + -30 - -12) + -2?
-6
What is (-232 - -240) + (3 + (-1 - 11) - 0)?
-1
Evaluate 7 + -18 + 11 + 1.
1
What is the value of (11 - 6) + 12 + -12?
5
Calculate -25 + 40 + 4 - 25.
-6
Evaluate 9 - 4 - -1 - (24 + -11).
-7
Evaluate 1 - (-48 + -17 + 45).
21
Calculate (8 - (-51 - -27)) + -6.
26
Evaluate -2 + 0 + 0 + -26 + -28 + 43.
-13
What is the value of (-4 - (-3 + 5)) + (5 - -1)?
0
What is the value of 17 + -4 - 34 - (0 + -1 + -3)?
-17
What is -2 - -1 - (-33 - (13 - (36 + -14)))?
23
Evaluate -18 - (-22 - (6 + 5)).
15
Calculate 5 + (2 - 4 - -1) + 3 - 12.
-5
(12 - (9 - (-7 - -11))) + -2 + -14
-9
What is -41 + 39 - (0 - -4)?
-6
What is -25 + 6 + 4 + 11 + 3 + 15?
14
1 + -14 + (2 - 15) + -93 + 105
-14
Calculate (10 - (-3 + 23)) + -5 + 17.
2
What is the value of -2 - -7 - (24 - 12) - -10?
3
-5 + 1 + -1 + 31 + -29
-3
What is the value of (14 - (2 + 12)) + -3?
-3
-6 - ((-7 - -10) + -1 + 10 - 6)
-12
What is (2 - (2 + 2)) + 85 + -81?
2
4 - ((-6 - (-13 + 2 - -1)) + -15)
15
5 + 5 + -5 + -5 - (-3 - 2)
5
Calculate 2 - (12 - 10) - -6.
6
(29 - 1) + -37 - (1 - 5) - 9
-14
What is the value of -7 + (-6 - (-26 - -4))?
9
(225 - 206) + (-4 - 1)
14
What is the value of -1 + 3 + (3 - 9) + -2 + 2?
-4
What is the value of 4 - 1 - (-19 + 30) - -11?
3
Evaluate 5 + -1 + (38 - -1) + -46.
-3
(44 - (-35 + 39)) + -17
23
What is the value of -5 + (8 - -19) - (11 - 2)?
13
What is 18 + -11 + (1 - -2) - -1?
11
Evaluate (5 - (0